{"id":1873,"date":"2025-05-29T17:01:00","date_gmt":"2025-05-29T17:01:00","guid":{"rendered":"https:\/\/www.lebendiger-minoritenplatz.de\/?page_id=1873"},"modified":"2026-01-27T11:33:59","modified_gmt":"2026-01-27T11:33:59","slug":"neersen-troedelt-hoftroedel-im-ganzen-ort","status":"publish","type":"page","link":"https:\/\/www.lebendiger-minoritenplatz.de\/?page_id=1873","title":{"rendered":"Neersen tr\u00f6delt"},"content":{"rendered":"<div id=\"pl-1873\"  class=\"panel-layout\" ><div id=\"pg-1873-0\"  class=\"panel-grid panel-no-style\" ><div id=\"pgc-1873-0-0\"  class=\"panel-grid-cell\" ><div id=\"panel-1873-0-0-0\" class=\"so-panel widget widget_sow-editor panel-first-child panel-last-child\" data-index=\"0\" ><div\n\t\t\t\n\t\t\tclass=\"so-widget-sow-editor so-widget-sow-editor-base\"\n\t\t\t\n\t\t>\n<div class=\"siteorigin-widget-tinymce textwidget\">\n\t<p><img loading=\"lazy\" decoding=\"async\" class=\"alignnone size-medium wp-image-1869\" src=\"http:\/\/www.lebendiger-minoritenplatz.de\/wp-content\/uploads\/2025\/05\/Hoftroedel_28_05_01-212x300.jpg\" alt=\"\" width=\"212\" height=\"300\" srcset=\"https:\/\/www.lebendiger-minoritenplatz.de\/wp-content\/uploads\/2025\/05\/Hoftroedel_28_05_01-212x300.jpg 212w, https:\/\/www.lebendiger-minoritenplatz.de\/wp-content\/uploads\/2025\/05\/Hoftroedel_28_05_01-723x1024.jpg 723w, https:\/\/www.lebendiger-minoritenplatz.de\/wp-content\/uploads\/2025\/05\/Hoftroedel_28_05_01-768x1087.jpg 768w, https:\/\/www.lebendiger-minoritenplatz.de\/wp-content\/uploads\/2025\/05\/Hoftroedel_28_05_01-1085x1536.jpg 1085w, https:\/\/www.lebendiger-minoritenplatz.de\/wp-content\/uploads\/2025\/05\/Hoftroedel_28_05_01-1447x2048.jpg 1447w, https:\/\/www.lebendiger-minoritenplatz.de\/wp-content\/uploads\/2025\/05\/Hoftroedel_28_05_01-scaled.jpg 1808w\" sizes=\"auto, (max-width: 212px) 100vw, 212px\" \/><\/p>\n<p><strong>\u201eNeersen tr\u00f6delt\u201c<\/strong><\/p>\n<p>Mit <strong>\u201eNeersen tr\u00f6delt\u201c<\/strong> initiiert die B\u00fcrgerinitiative \u201eLebendiger Minoritenplatz\u201c e.V. eine gemeinwohlorientierte Aktion, bei der Neersener*innen ihre <strong>H\u00f6fe und G\u00e4rten<\/strong> \u00f6ffnen, um alte Sch\u00e4tze, Gebrauchtes und Selbstgemachtes anzubieten.<\/p>\n<p>Die Aktion l\u00e4dt dazu ein, den Ort neu zu entdecken, miteinander ins Gespr\u00e4ch zu kommen und <strong>nachbarschaftliche Kontakte zu st\u00e4rken<\/strong>. Gleichzeitig bietet sie eine unkomplizierte Gelegenheit zum Ausmisten und Wiederverwenden \u2013 ganz im Sinne von Nachhaltigkeit und Gemeinschaft.<\/p>\n<p>\u201eNeersen tr\u00f6delt\u201c richtet sich an alle Generationen und schafft bewusst <strong>Begegnungsr\u00e4ume im gesamten Ort<\/strong>, auch f\u00fcr Menschen, die sich einsam f\u00fchlen oder Anschluss suchen.<\/p>\n<p><strong>Informationen und Anmeldung<\/strong> werden rechtzeitig \u00fcber die Presse und auf unserer Webseite bekannt gegeben.<\/p>\n<\/div>\n<\/div><\/div><\/div><\/div><\/div>","protected":false},"excerpt":{"rendered":"<p>\u201eNeersen tr\u00f6delt\u201c Mit \u201eNeersen tr\u00f6delt\u201c initiiert die B\u00fcrgerinitiative \u201eLebendiger Minoritenplatz\u201c e.V. eine gemeinwohlorientierte Aktion, bei der Neersener*innen ihre H\u00f6fe und G\u00e4rten \u00f6ffnen, um alte Sch\u00e4tze, Gebrauchtes und Selbstgemachtes anzubieten. Die Aktion l\u00e4dt dazu ein, den Ort neu zu entdecken, miteinander ins Gespr\u00e4ch zu kommen und nachbarschaftliche Kontakte zu st\u00e4rken. Gleichzeitig bietet sie eine unkomplizierte Gelegenheit [&hellip;]<\/p>\n","protected":false},"author":3,"featured_media":0,"parent":0,"menu_order":0,"comment_status":"closed","ping_status":"closed","template":"","meta":{"_crdt_document":"","footnotes":""},"class_list":["post-1873","page","type-page","status-publish","hentry","post"],"_links":{"self":[{"href":"https:\/\/www.lebendiger-minoritenplatz.de\/index.php?rest_route=\/wp\/v2\/pages\/1873","targetHints":{"allow":["GET"]}}],"collection":[{"href":"https:\/\/www.lebendiger-minoritenplatz.de\/index.php?rest_route=\/wp\/v2\/pages"}],"about":[{"href":"https:\/\/www.lebendiger-minoritenplatz.de\/index.php?rest_route=\/wp\/v2\/types\/page"}],"author":[{"embeddable":true,"href":"https:\/\/www.lebendiger-minoritenplatz.de\/index.php?rest_route=\/wp\/v2\/users\/3"}],"replies":[{"embeddable":true,"href":"https:\/\/www.lebendiger-minoritenplatz.de\/index.php?rest_route=%2Fwp%2Fv2%2Fcomments&post=1873"}],"version-history":[{"count":10,"href":"https:\/\/www.lebendiger-minoritenplatz.de\/index.php?rest_route=\/wp\/v2\/pages\/1873\/revisions"}],"predecessor-version":[{"id":2610,"href":"https:\/\/www.lebendiger-minoritenplatz.de\/index.php?rest_route=\/wp\/v2\/pages\/1873\/revisions\/2610"}],"wp:attachment":[{"href":"https:\/\/www.lebendiger-minoritenplatz.de\/index.php?rest_route=%2Fwp%2Fv2%2Fmedia&parent=1873"}],"curies":[{"name":"wp","href":"https:\/\/api.w.org\/{rel}","templated":true}]}}

Neersen trödelt

<div id="pl-1873"  class="panel-layout" ><div id="pg-1873-0"  class="panel-grid panel-no-style" ><div id="pgc-1873-0-0"  class="panel-grid-cell" ><div id="panel-1873-0-0-0" class="so-panel widget widget_sow-editor panel-first-child panel-last-child" data-index="0" ><div
			
			class="so-widget-sow-editor so-widget-sow-editor-base"
			
		>
<div class="siteorigin-widget-tinymce textwidget">
	<p><img loading="lazy" decoding="async" class="alignnone size-medium wp-image-1869" src="http://www.lebendiger-minoritenplatz.de/wp-content/uploads/2025/05/Hoftroedel_28_05_01-212x300.jpg" alt="" width="212" height="300" srcset="https://www.lebendiger-minoritenplatz.de/wp-content/uploads/2025/05/Hoftroedel_28_05_01-212x300.jpg 212w, https://www.lebendiger-minoritenplatz.de/wp-content/uploads/2025/05/Hoftroedel_28_05_01-723x1024.jpg 723w, https://www.lebendiger-minoritenplatz.de/wp-content/uploads/2025/05/Hoftroedel_28_05_01-768x1087.jpg 768w, https://www.lebendiger-minoritenplatz.de/wp-content/uploads/2025/05/Hoftroedel_28_05_01-1085x1536.jpg 1085w, https://www.lebendiger-minoritenplatz.de/wp-content/uploads/2025/05/Hoftroedel_28_05_01-1447x2048.jpg 1447w, https://www.lebendiger-minoritenplatz.de/wp-content/uploads/2025/05/Hoftroedel_28_05_01-scaled.jpg 1808w" sizes="auto, (max-width: 212px) 100vw, 212px" /></p>
<p><strong>„Neersen trödelt“</strong></p>
<p>Mit <strong>„Neersen trödelt“</strong> initiiert die Bürgerinitiative „Lebendiger Minoritenplatz“ e.V. eine gemeinwohlorientierte Aktion, bei der Neersener*innen ihre <strong>Höfe und Gärten</strong> öffnen, um alte Schätze, Gebrauchtes und Selbstgemachtes anzubieten.</p>
<p>Die Aktion lädt dazu ein, den Ort neu zu entdecken, miteinander ins Gespräch zu kommen und <strong>nachbarschaftliche Kontakte zu stärken</strong>. Gleichzeitig bietet sie eine unkomplizierte Gelegenheit zum Ausmisten und Wiederverwenden – ganz im Sinne von Nachhaltigkeit und Gemeinschaft.</p>
<p>„Neersen trödelt“ richtet sich an alle Generationen und schafft bewusst <strong>Begegnungsräume im gesamten Ort</strong>, auch für Menschen, die sich einsam fühlen oder Anschluss suchen.</p>
<p><strong>Informationen und Anmeldung</strong> werden rechtzeitig über die Presse und auf unserer Webseite bekannt gegeben.</p>
</div>
</div></div></div></div></div>

<p>„Neersen trödelt“ Mit „Neersen trödelt“ initiiert die Bürgerinitiative „Lebendiger Minoritenplatz“ e.V. eine gemeinwohlorientierte Aktion, bei der Neersener*innen ihre Höfe und Gärten öffnen, um alte Schätze, Gebrauchtes und Selbstgemachtes anzubieten. Die Aktion lädt dazu ein, den Ort neu zu entdecken, miteinander ins Gespräch zu kommen und nachbarschaftliche Kontakte zu stärken. Gleichzeitig bietet sie eine unkomplizierte Gelegenheit [&hellip;]</p>
